ors of 44/((f*4)/(-2)).
2, 11
Let d = -25 + 34. What are the prime factors of d/(-6) - 1830/(-12)?
151
Let l = 7 - 2. Suppose -l*r = 2*s + 9, 3 = s - 2*r - 6. List the prime factors of (s + 3)/(3/6).
2, 3
Suppose -3*y = -u - 21, -y - 14 = -3*y - 5*u. List the prime factors of 1/(-1) + 1092/y.
5, 31
Let v be -1*(-6)/(-4)*-12. What are the prime factors of 110 + 0 + -1 - v/(-6)?
2, 7
Let w(t) = -4*t**2 - 8*t - 7. Let u(g) = -9*g**2 - 20*g - 10 - 4 + 3*g. Let v(h) = 3*u(h) - 7*w(h). What are the prime factors of v(-5)?
7
Let g(f) = -6*f - 1. Let m be g(-4). Suppose -m*q = -27*q + 64. What are the prime factors of q?
2
Suppose 5*w + 2*b = 30, 4 = 4*w + 3*b - 13. Let i = -6 + w. Suppose -2*p + 78 = i*g, -2*p - 72 = -5*g + 95. List the prime factors of g.
5, 7
Let w(d) = -d**3 - d**2 + d + 2. Let a be w(-2). Suppose -a*f + 6 = -2*f. Suppose -2*k + 2 = -5*z - 7, -4*k + f*z + 25 = 0. What are the prime factors of k?
7
Let y(l) = l + 12. Let j be y(-7). Suppose -4*f - f = -x + 47, 49 = 2*x + j*f. What are the prime factors of (-2)/((x/124)/(-4))?
31
Let u(j) = 2*j - 7 - 3*j + 3*j + 5*j. Let q = 166 - 156. List the prime factors of u(q).
3, 7
Let x be (-7 - 0)/((-2)/4). Suppose 3*o + x = 5*o. Let n(a) = -a**3 + 8*a**2 - 6*a - 5. What are the prime factors of n(o)?
2
Suppose 3*p - p + 5*y - 659 = 0, 5*y + 352 = p. Suppose 3*x + 8 = -x, -5*j - 4*x = -p. List the prime factors of j.
3, 23
Let l = 1510 + -748. What are the prime factors of l?
2, 3, 127
Let w(d) = -d**3 - 7*d**2 - 6*d + 4. Let b be w(-6). Suppose s - b + 6 = 0. What are the prime factors of (-120)/(-9) + s/(-3)?
2, 7
Suppose -3*s = -5*r - 2*s - 26, 5*s + 38 = -3*r. Let k be (4/r)/(12/198). List the prime factors of k/4*(-14 + 10).
11
Suppose -2*a + 4*x = -20, -5*x - 75 = -4*a - 26. Let v(m) = -m**3 + 17*m**2 - 8*m - 10. List the prime factors of v(a).
2, 59
Suppose 0 = -4*q - 3*u + 161, 0 = -q + 4*u - 7 + 71. Let n = q - 19. Let g = n - 10. What are the prime factors of g?
3, 5
Let s(i) = -i - 6. Let k be s(-5). Let h(b) = -50*b - 1. List the prime factors of h(k).
7
Let d(m) = -25*m - 15. Let g(b) = 12*b + 8. Let l(s) = -3*d(s) - 5*g(s). List the prime factors of l(4).
5, 13
Let u = -279 - -169. Let p = -52 - u. List the prime factors of (-4)/(-4) + (p - 1).
2, 29
What are the prime factors of (-8 - (-66)/9)/((-2)/10953)?
3, 1217
What are the prime factors of 126/(-4)*(-2232)/217?
2, 3
Suppose 7*b - 2*b + 20 = 0, -g + 3*b = -248. List the prime factors of g.
2, 59
Let y = 3 + -1. Let a(f) = -5 + 13*f - 6*f**y + 19 - f**3 - 2. What are the prime factors of a(-8)?
2, 3
Suppose 9 - 42 = 3*x. Let s = x - -60. List the prime factors of s.
7
List the prime factors of (-5)/(-30) + 17921/12*2.
29, 103
Let j be (312/(-9))/2*(-1 + -2). Suppose 0 = 2*r + q + 2*q - 41, -3*r + 5*q + j = 0. List the prime factors of r.
19
Let h(v) = -v**3 - 3*v**2 + 3*v - 1. Let f be h(-6). Let o = f - 27. Suppose -2*z = 3*c - z - o, -86 = -3*c + 5*z. List the prime factors of c.
2, 11
List the prime factors of -2*3/6*(-285545)/65.
23, 191
List the prime factors of 11/4*-271*(-10 + 6).
11, 271
Suppose 5*o - w = -3*w + 22, -2*o - 3*w + 11 = 0. Suppose -s - 5*d + o = 22, -22 = -5*s + 3*d. What are the prime factors of 7/(s*2/12)?
3, 7
Let m(i) = -642*i - 107. What are the prime factors of m(-5)?
29, 107
Let a(o) = -o + 5. Let g be a(4). What are the prime factors of ((-3)/(-2) - g)/(6/180)?
3, 5
Suppose -461*l + 451*l + 16640 = 0. List the prime factors of l.
2, 13
Suppose -4*f - 1716 = -3*b, 5*b - 1220 = -5*f + 1675. What are the prime factors of b?
2, 3
Suppose -14 = -5*d + 11. Suppose y = 6*y, 51 = r - d*y. What are the prime factors of r?
3, 17
Suppose -3*j + 6*l - l - 96 = 0, -5*j = 5*l + 200. Let a = 103 + j. What are the prime factors of a?
2, 3, 11
Let c = 36 - 35. Let w(f) = -3*f**3 + 12 - 9 + c + f. What are the prime factors of w(-2)?
2, 13
Let t = 25 + -13. Suppose 8*a = t*a - 184. What are the prime factors of a?
2, 23
Let b(k) be the second derivative of 4*k + 1/6*k**4 - 3/20*k**5 + 1/2*k**2 + 0 + 1/6*k**3. What are the prime factors of b(-2)?
31
List the prime factors of 370*(-15)/(-6) + 9.
2, 467
Let d(g) = -2*g**3 + 5*g + 2. Let o be 28/(-10) + (-1)/5. Let c be d(o). Let t = c - 13. List the prime factors of t.
2, 7
Suppose m - 129 = 3*m - 5*h, 5*m - 3*h + 275 = 0. Let d = m - -77. What are the prime factors of -3 + d + -2 - -3?
23
Let i(n) = 1875*n - 247. What are the prime factors of i(2)?
31, 113
Suppose -9*w = -4*w + 75. Let g = -7 - w. Let j = g + -6. List the prime factors of j.
2
Suppose -10*k = -5*k. Suppose 2*i = 3*i - 27. Suppose j + k*j = i. List the prime factors of j.
3
Let b = 224 - 54. Suppose u + 4*u = b. What are the prime factors of (-4 + u)/(2 + 0)?
3, 5
Let s be (-2)/(1 - -3)*-8. Suppose -l + 147 = 4*r, 3*l - 24*r = -19*r + 458. Suppose -s*z + 57 = -l. List the prime factors of z.
2, 13
Let f = 25 + -23. Suppose 2*l = 4*s - 206, s = -l - f*l + 69. What are the prime factors of s?
2, 3
Suppose -7*q = -18*q + 5709. What are the prime factors of q?
3, 173
Let m(r) = 2*r**2 - 2*r. Let k be m(3). Suppose -z - 4*z + 5*s + 15 = 0, -4*s + k = -z. Suppose 0 = -l - 2, -2*x + 28 = -4*l - z. List the prime factors of x.
2, 7
Let q(y) = y**3 - 3*y**2 + 6*y - 33. Let x be q(6). Let a = x - 97. List the prime factors of a.
2, 7
Let t(g) = g**3 - g**2 + 73. Let p = -3 - -3. Let n be t(p). Suppose -11 = 2*c + 2*d - n, c - d - 29 = 0. List the prime factors of c.
2, 3, 5
Let n be 4 + -3 + 0 + -3. Let p(a) = -38*a - 5. Let w be p(n). Let h = w - 32. List the prime factors of h.
3, 13
Suppose 4*b - x - 599 - 5073 = 0, -x = -b + 1421. What are the prime factors of b?
13, 109
Let c(v) = v**2 - v + 1. Let l be c(1). Suppose -b + l = -4. Suppose 219 = 5*s + 3*z - 99, 0 = -2*s - b*z + 131. List the prime factors of s.
3, 7
Suppose 2*l - 5*f = 4*l - 10801, 5 = -5*f. Suppose d + l = t + 3*t, -15 = 5*d. List the prime factors of ((-4)/(-10))/(9/t).
2, 3, 5
Suppose i = 3*i - 6, 5*u + 49 = 3*i. Let z be -2 + 31 + (-7 - u). Let r = z - 23. List the prime factors of r.
7
Let w = 57 + -138. Suppose -2*o - 130 - 4 = -h, 5*h + 4*o = 698. Let a = h + w. List the prime factors of a.
3, 19
Suppose 0 = 6*n + 242 - 770. What are the prime factors of n?
2, 11
Suppose 5*c = -4*q + 1724, -q + 4*c - 1724 = -5*q. What are the prime factors of q?
431
Suppose 0 = 3*j + 2*i + 733, -3*j - 738 = i + 2*i. Let o = -138 - j. What are the prime factors of 18/27 - o/(-3)?
5, 7
Suppose -103*a - 109007 = -323762. What are the prime factors of a?
3, 5, 139
List the prime factors of (-2948)/(-66)*(-4)/((-16)/54).
3, 67
Suppose 3*i + 212 = 767. List the prime factors of i.
5, 37
Let k = 64 - 60. Suppose k*q + 4*b - 60 = 0, 0 = 4*q + 3*b - 57. What are the prime factors of q?
2, 3
Let r = -164 + 249. Suppose -r = -2*s + 13. List the prime factors of s.
7
Suppose v = -2*j - j + 3044, 2*v = -4*j + 4060. Suppose 2*z - j = -5*q, 4*z - 522 = -5*q + 496. Let k = -137 + q. List the prime factors of k.
5, 13
Suppose 0 = -10*m + 6*m + 8. Suppose m*l = -2*r - 2*l + 308, -r = 4*l - 164. Suppose 5*k = 2*k + r. What are the prime factors of k?
2, 3
Let d = 23 + -13. Let h be 32/(-80) - (-844)/d. Let j = h - 48. What are the prime factors of j?
2, 3
Let s(c) = 111*c - 32. What are the prime factors of s(13)?
17, 83
Suppose 0 = -36*b + 34*b + 1054. What are the prime factors of b?
17, 31
Let i(t) = t**3 - 4*t**2 - 4*t - 2. Let d be i(-2). Let h be (d/30)/((-1)/5). List the prime factors of -7*h/2*-2.
3, 7
Suppose -5*g - 144 = -3*n, 5*g - 36 = -4*n + 191. Let x = -24 + n. List the prime factors of x.
29
Let c = 31 - 28. Suppose 3*n + 25 = c*i + 2*n, 2*i + n - 20 = 0. What are the prime factors of i?
3
Let u(f) = 2*f**2 + 5*f - 49. Let z be u(6). Let l be (-44)/(-6)*24/2. Let t = l - z. What are the prime factors of t?
5, 7
Suppose -2*i = -5*s + 756, s - 2*i = 4*s - 444. List the prime factors of s.
2, 3, 5
Suppose -k + 3*i + 484 + 499 = 0, 0 = i. List the prime factors of k.
983
Let q(r) = 58*r**2. Let p be q(-1). Suppose -4*v - 73 = -m, 3*v + 14 = m - p. What are the prime factors of m?
3, 23
Let h(c) = -c**3 - 7*c**2 + 2. Let s be h(-7). Suppose 3*b + 5*u = b + 74, -5*u - 86 = -3*b. Suppose s*n + 2*n = b. List the prime factors of n.
2
Let w = 18 - 11. Su